alse
Is 30955031 a prime number?
True
Is 471300065 prime?
False
Is 18494797 prime?
True
Is 6937253 composite?
False
Is 16054747 a prime number?
True
Is 26368913 a composite number?
False
Is 3782749 prime?
False
Is 286801 composite?
False
Is 982444573 prime?
False
Is 45328645 a prime number?
False
Is 218832953 a composite number?
True
Is 14209271 a prime number?
True
Is 1534171 composite?
False
Is 877623 prime?
False
Is 760843 a prime number?
True
Is 100014409 a composite number?
True
Is 28366391 a prime number?
False
Is 132595997 a prime number?
True
Is 76294199 a composite number?
False
Is 3095659 a composite number?
True
Is 1381634 a prime number?
False
Is 45403967 a composite number?
True
Is 72051089 a composite number?
True
Is 10338085 a prime number?
False
Is 3681973 a composite number?
True
Is 143418569 prime?
False
Is 208908221 prime?
False
Is 2606057 a prime number?
False
Is 9214447 prime?
False
Is 45911461 a composite number?
True
Is 1933487 a prime number?
False
Is 1560763 a composite number?
True
Is 1574007 a prime number?
False
Is 125707 composite?
False
Is 60208723 prime?
True
Is 11406455 prime?
False
Is 7575401 prime?
True
Is 31253414 a prime number?
False
Is 58928351 a prime number?
False
Is 689040997 a composite number?
False
Is 81867763 prime?
True
Is 91514303 composite?
False
Is 12594271 a composite number?
True
Is 1580977 a composite number?
False
Is 1650637 a prime number?
True
Is 31790719 a composite number?
False
Is 55415611 composite?
True
Is 31412657 a prime number?
False
Is 31573 prime?
True
Is 39164667 a composite number?
True
Is 14762291 a composite number?
False
Is 19040063 a composite number?
True
Is 76699343 a prime number?
False
Is 118027213 a composite number?
True
Is 146639 a composite number?
False
Is 25257533 a prime number?
False
Is 1153559 a composite number?
True
Is 52674803 a prime number?
False
Is 13112417 a composite number?
False
Is 14580239 prime?
False
Is 176879 prime?
False
Is 55780867 prime?
False
Is 10946263 a prime number?
True
Is 59655031 a composite number?
True
Is 1365875061 a composite number?
True
Is 49818187 a composite number?
False
Is 215235833 prime?
True
Is 8346703 prime?
True
Is 40970767 a composite number?
True
Is 166751227 composite?
False
Is 9999997 a composite number?
True
Is 11884837 a composite number?
False
Is 3991249 a composite number?
True
Is 2827753 a composite number?
False
Is 466721 composite?
True
Is 1585093 composite?
False
Is 155017879 composite?
False
Is 542765 a prime number?
False
Is 7270121 prime?
True
Is 104181193 a composite number?
False
Is 7615597 a composite number?
True
Is 4410719 a composite number?
False
Is 30543497 a composite number?
False
Is 3280619 composite?
True
Is 8167411 a prime number?
False
Is 4607389 composite?
True
Is 448127 a composite number?
True
Is 690741437 composite?
False
Is 825983 composite?
False
Is 84994229 composite?
False
Is 42270659 composite?
True
Is 829189813 prime?
False
Is 2827667 prime?
True
Is 625453063 a prime number?
False
Is 332339869 a prime number?
False
Is 33521665 composite?
True
Is 1124239 composite?
False
Is 113774629 prime?
False
Is 1479386 a composite number?
True
Is 1640131 prime?
True
Is 73063219 a composite number?
False
Is 21147283 a composite number?
False
Is 31961443 prime?
False
Is 273008063 prime?
True
Is 3460549 a prime number?
False
Is 20622922 a prime number?
False
Is 2820653 composite?
True
Is 5018471 a prime number?
False
Is 168127403 a prime number?
False
Is 113289947 a composite number?
False
Is 1701605 a prime number?
False
Is 60668119 composite?
False
Is 27128217 a composite number?
True
Is 50910311 prime?
True
Is 163973 a composite number?
False
Is 52365473 a prime number?
False
Is 13329383 a prime number?
False
Is 7540901 a composite number?
False
Is 4811341 a composite number?
True
Is 160877053 a composite number?
False
Is 1984667 a prime number?
True
Is 2594771 a prime number?
False
Is 235968329 composite?
True
Is 120804089 a composite number?
True
Is 11573131 composite?
True
Is 77069437 composite?
False
Is 14831077 prime?
False
Is 2102843 a prime number?
False
Is 65799805 composite?
True
Is 4592117 prime?
True
Is 4998973 prime?
False
Is 2974843 a composite number?
True
Is 14824429 composite?
True
Is 3595409 a prime number?
True
Is 9380429 a prime number?
True
Is 4300343 a composite number?
False
Is 3295097 composite?
True
Is 2384017 a composite number?
False
Is 254805389 composite?
False
Is 181141 a composite number?
False
Is 440993953 prime?
False
Is 49847773 a composite number?
True
Is 16062613 a prime number?
False
Is 63224573 prime?
True
Is 377869 a prime number?
False
Is 83028623 prime?
True
Is 562097893 a prime number?
False
Is 171961 composite?
True
Is 2314426 a prime number?
False
Is 508074167 a composite number?
True
Is 106634797 composite?
True
Is 868247 composite?
True
Is 259094509 a composite number?
False
Is 1020081 prime?
False
Is 30147541 prime?
False
Is 1407479 a composite number?
True
Is 26913457 a composite number?
False
Is 12561811 a prime number?
False
Is 53433697 composite?
True
Is 103079 a composite number?
False
Is 24485921 a prime number?
True
Is 1586647 prime?
True
Is 1306560217 composite?
False
Is 47166715 a prime number?
False
Is 61348451 prime?
True
Is 371831 composite?
False
Is 25738859 prime?
False
Is 268781983 a prime number?
False
Is 83999999 a prime number?
True
Is 2660033 prime?
False
Is 3232693 a prime number?
True
Is 455768731 composite?
True
Is 57179501 composite?
False
Is 32706682 prime?
False
Is 2715301 prime?
False
Is 404743 prime?
False
Is 370043903 composite?
False
Is 27094283 a composite number?
False
Is 35036327 a composite number?
True
Is 17063119 a prime number?
True
Is 112870403 prime?
False
Is 59345647 prime?
True
Is 1977593 a composite number?
True
Is 4727081 composite?
False
Is 77465779 composite?
True
Is 95647631 a composite number?
True
Is 10133389 a prime number?
False
Is 44814953 a prime number?
True
Is 127372627 a composite number?
True
Is 24635333 prime?
False
Is 313081 a composite number?
False
Is 1591481 prime?
False
Is 36863987 composite?
False
Is 1921651 a composite number?
True
Is 84897899 prime?
False
Is 91426417 a prime number?
True
Is 7535401 prime?
True
Is 22561167 a prime number?
False
Is 303181 composite?
True
Is 2319271 composite?
True
Is 39721531 composite?
False
Is 1073148365 a composite number?
True
Is 18501091 a prime number?
False
Is 354972569 a composite number?
True
Is 5503837 composite?
False
Is 130513 a prime number?
True
Is 2859169 composite?
True
Is 3855667 a composite number?
False
Is 1365719 a prime number?
True
Is 87319 a composite number?
True
Is 26576509 a composite number?
False
Is 80556499 composite?
True
Is 1784963 a composite number?
False
Is 16960481 a composite number?
False
Is 58481 a composite number?
False
Is 16939267 prime?
False
Is 5263169 a composite number?
False
Is 245231281 prime?
True
Is 1675561 a composite number?
False
Is 62542763 a prime number?
False
Is 46412669 a prime number?
False
Is 5155103 prime?
True
Is 201534253 a composite number?
True
Is 78486601 composite?
True
Is 2386051 prime?
True
Is 8278141 prime?
True
Is 3559058 composite?
True
Is 272817149 composite?
True
Is 130771 prime?
False
Is 1901582 composite?
True
Is 4574633 a composite number?
True
Is 98307811 prime?
False
Is 910421 a prime number?
True
Is 10659949 a composite number?
False
Is 212399303 a prime number?
True
Is 51690669 prime?
False
Is 481189 prime?
False
Is 21046807 composite?
False
Is 574473181 a prime number?
False
Is 244854355 a composite number?
True
Is 105981314 composite?
True
Is 73396007 composite?
True
Is 6355963 a prime number?
True
Is 330975707 a composite number?
False
Is 245682763 prime?
True
Is 2730251 composite?
True
Is 16604351 prime?
True
Is 99168491 a prime number?
True
Is 1018373793 a prime number?
False
Is 14772853 prime?
False
Is 5594887 a composite number?
True
Is 95829737 composite?
True
Is 358347361 a composite number?
False
Is 4587851 a prime number?
True
Is 1202083 a prime number?
False
Is 291177111 a composite number?
True
Is 10798331 prime?
False
Is 160073 a prime number?
True
Is 339569047 prime?
True
Is 4858019 a prime number?
True
Is 45127399 prime?
True
Is 2045579 prime?
False
Is 12076